{"id":465,"date":"2016-01-28T21:56:40","date_gmt":"2016-01-28T20:56:40","guid":{"rendered":"https:\/\/www.gyyv.vd.ch\/developpementdurable\/?page_id=465"},"modified":"2016-01-28T21:56:40","modified_gmt":"2016-01-28T20:56:40","slug":"tri-des-dechets-2","status":"publish","type":"page","link":"https:\/\/gymnase-yverdon.ch\/developpementdurable\/page-d-exemple-2\/laboratoire-de-la-durabilite\/tri-des-dechets-2\/","title":{"rendered":"R\u00e9duction des d\u00e9chets"},"content":{"rendered":"<p>Selon M. Perotti, concierge du Gymnase d&rsquo;Yverdon, lui et son \u00e9quipe doivent consacrer de plus en plus de temps \u00e0 ramasser les d\u00e9chets en tout genre qui s&rsquo;accumulent quotidiennement sur le site.<\/p>\n<p style=\"text-align: center\"><a href=\"https:\/\/www.gyyv.vd.ch\/developpementdurable\/wp-content\/uploads\/sites\/13\/2016\/02\/GYY-De\u0301chets-dans-la-cour-2-2.png\"><img loading=\"lazy\" decoding=\"async\" class=\"alignnone size-medium wp-image-683\" src=\"https:\/\/www.gyyv.vd.ch\/developpementdurable\/wp-content\/uploads\/sites\/13\/2016\/02\/GYY-De\u0301chets-dans-la-cour-2-300x225.png\" alt=\"\" width=\"300\" height=\"225\" \/><\/a><br \/>\nD\u00e9chets accumul\u00e9s sur le site du GYYV (hors poubelles) en une journ\u00e9e (Photo M. Montone)<\/p>\n<div class=\"page\" title=\"Page 23\">\n<div class=\"section\">\n<div class=\"layoutArea\">\n<div class=\"column\">\n<p>Le tri et la re\u0301duction des de\u0301chets ainsi que la (re)valorisation de ces derniers, est l\u2019un des axes cle\u0301s a\u0300 ame\u0301liorer si l\u2019on souhaite pouvoir espe\u0301rer re\u0301aliser les ODD a\u0300 l\u2019horizon 2030. Certes, l\u2019offre de tri est de\u0301ja\u0300 diversifie\u0301e sur le site du Gymnase mais il est essentiel d\u2019aller encore plus loin afin de lutter a\u0300 la fois contre la surproduction de de\u0301chets en amont mais, e\u0301galement en aval, en proposant des actions de revalorisation des de\u0301chets ge\u0301ne\u0301re\u0301s. Il apparai\u0302t comme central qu\u2019une institution telle que le Gymnase d\u2019Yverdon soit exemplaire dans le domaine du tri, de la re\u0301duction et de la revalorisation des de\u0301chets et puisse e\u0302tre un exemple a\u0300 suivre par tous les acteurs et actrices pre\u0301sent-e-s sur ce site.<\/p>\n<p>En tant qu\u2019institution qui a pour mission de former des e\u0301tudiant-e-s a\u0300 devenir de futurs citoyennes et citoyens, il est essentiel que nous leur donnions des outils afin qu\u2019ils soient en mesure de diminuer leur empreinte e\u0301cologique et qu\u2019ils puissent prendre pleinement conscience des conse\u0301quences de leurs manie\u0300res de consommer et ceci, a\u0300 tout moment de la journe\u0301e : alimentation, suremballage, achats \u00ab compulsifs \u00bb de biens de consommation divers, gaspillage de papier, etc.<\/p>\n<p>Le champ d\u2019action \u00ab Re\u0301duction des de\u0301chets \u00bb se doit donc de multiplier ses axes d\u2019action, qui se veulent comple\u0301mentaires les uns des autres :<\/p>\n<ol>\n<li>Lutter contre la forte production de de\u0301chets (divers et varie\u0301s) sur le site du Gymnase ;<\/li>\n<li>Proposer des solutions concre\u0300tes et exemplaires afin de revaloriser certains de\u0301chets ;<\/li>\n<li>Mettre en place des actions de sensibilisation destine\u0301es a\u0300 tous les acteurs et actrices du Gymnase d\u2019Yverdon.<\/li>\n<\/ol>\n<\/div>\n<\/div>\n<\/div>\n<\/div>\n<p>A cet effet plusieurs initiatives d&rsquo;\u00e9tudiant-e-s et d&rsquo;enseignant-e-s ont vu le jour :<\/p>\n<ul>\n<li><a href=\"https:\/\/www.gyyv.vd.ch\/developpementdurable\/page-d-exemple\/laboratoire-de-la-durabilite\/tri-des-dechets-2\/recyclons-la-communaute\/\">Campagne d&rsquo;affichage contre le littering \u00ab\u00a0Recyclons la communaut\u00e9\u00a0\u00bb<\/a><\/li>\n<li><a href=\"https:\/\/www.gyyv.vd.ch\/developpementdurable\/page-d-exemple\/laboratoire-de-la-durabilite\/tri-des-dechets-2\/megots-de-cigarettes\/\">Campagne contre les m\u00e9gots de cigarettes<\/a><\/li>\n<li>Compost en salle des ma\u00eetre-sse-s ;<\/li>\n<li>Poubelles de tri (sur le site du gymnase et \u00e0 la caf\u00e9t\u00e9ria) ;<\/li>\n<li>Poubelles \u00e0 papier dans les classes, au secr\u00e9tariat et en salle des ma\u00eetre-sse-s.<\/li>\n<\/ul>\n","protected":false},"excerpt":{"rendered":"<p>Selon M. Perotti, concierge du Gymnase d&rsquo;Yverdon, lui et son \u00e9quipe doivent consacrer de plus en plus de temps \u00e0 ramasser les d\u00e9chets en tout genre qui s&rsquo;accumulent quotidiennement sur le site. D\u00e9chets accumul\u00e9s sur le site du GYYV (hors poubelles) en une journ\u00e9e (Photo M. Montone) Le tri et &#8230;<\/p>\n<p> <a class=\"continue-reading-link\" href=\"https:\/\/gymnase-yverdon.ch\/developpementdurable\/page-d-exemple-2\/laboratoire-de-la-durabilite\/tri-des-dechets-2\/\"><span>Continue reading<\/span><i class=\"crycon-right-dir\"><\/i><\/a> <\/p>\n","protected":false},"author":13,"featured_media":0,"parent":38,"menu_order":0,"comment_status":"closed","ping_status":"closed","template":"","meta":{"inline_featured_image":false,"footnotes":""},"class_list":["post-465","page","type-page","status-publish","hentry"],"_links":{"self":[{"href":"https:\/\/gymnase-yverdon.ch\/developpementdurable\/wp-json\/wp\/v2\/pages\/465","targetHints":{"allow":["GET"]}}],"collection":[{"href":"https:\/\/gymnase-yverdon.ch\/developpementdurable\/wp-json\/wp\/v2\/pages"}],"about":[{"href":"https:\/\/gymnase-yverdon.ch\/developpementdurable\/wp-json\/wp\/v2\/types\/page"}],"author":[{"embeddable":true,"href":"https:\/\/gymnase-yverdon.ch\/developpementdurable\/wp-json\/wp\/v2\/users\/13"}],"replies":[{"embeddable":true,"href":"https:\/\/gymnase-yverdon.ch\/developpementdurable\/wp-json\/wp\/v2\/comments?post=465"}],"version-history":[{"count":0,"href":"https:\/\/gymnase-yverdon.ch\/developpementdurable\/wp-json\/wp\/v2\/pages\/465\/revisions"}],"up":[{"embeddable":true,"href":"https:\/\/gymnase-yverdon.ch\/developpementdurable\/wp-json\/wp\/v2\/pages\/38"}],"wp:attachment":[{"href":"https:\/\/gymnase-yverdon.ch\/developpementdurable\/wp-json\/wp\/v2\/media?parent=465"}],"curies":[{"name":"wp","href":"https:\/\/api.w.org\/{rel}","templated":true}]}}