{"id":409,"date":"2016-01-27T12:05:59","date_gmt":"2016-01-27T11:05:59","guid":{"rendered":"https:\/\/www.gyyv.vd.ch\/developpementdurable\/?page_id=409"},"modified":"2016-01-27T12:05:59","modified_gmt":"2016-01-27T11:05:59","slug":"les-projets-des-etudiants","status":"publish","type":"page","link":"https:\/\/gymnase-yverdon.ch\/developpementdurable\/page-d-exemple-2\/etudes-et-recherche\/geographie\/oc-2015-16\/les-projets-des-etudiants\/","title":{"rendered":"Les projets des \u00e9tudiants"},"content":{"rendered":"<p>Voici les projets men\u00e9s par les \u00e9tudiant-e-s des deux classes d&rsquo;OC de g\u00e9ographie 2015-16 dont l&rsquo;intitul\u00e9 \u00e9tait \u00ab\u00a0<a href=\"https:\/\/www.gyyv.vd.ch\/developpementdurable\/page-d-exemple\/etudes-et-recherche\/geographie\/oc-2015-16\/\">Et vous ? Qu&rsquo;avez-vous de pr\u00e9vu apr\u00e8s la disparition de notre civilisation ?<\/a>\u00a0\u00bb<\/p>\n<p><strong>3OcGeo1 (Classe de C. Henchoz)<\/strong><\/p>\n<p style=\"text-align: center\"><a href=\"https:\/\/www.gyyv.vd.ch\/developpementdurable\/wp-content\/uploads\/sites\/13\/2016\/01\/3OcGeo1-Photo-5-2-2.jpg\" rel=\"attachment wp-att-1003\"><img loading=\"lazy\" decoding=\"async\" class=\"alignnone wp-image-1003\" src=\"https:\/\/www.gyyv.vd.ch\/developpementdurable\/wp-content\/uploads\/sites\/13\/2016\/01\/3OcGeo1-Photo-5-2-300x224.jpg\" alt=\"3OcGeo1 - Photo 5\" width=\"417\" height=\"312\" srcset=\"https:\/\/gymnase-yverdon.ch\/developpementdurable\/wp-content\/uploads\/sites\/5\/2016\/01\/3OcGeo1-Photo-5-2-300x224.jpg 300w, https:\/\/gymnase-yverdon.ch\/developpementdurable\/wp-content\/uploads\/sites\/5\/2016\/01\/3OcGeo1-Photo-5-2-1024x765.jpg 1024w, https:\/\/gymnase-yverdon.ch\/developpementdurable\/wp-content\/uploads\/sites\/5\/2016\/01\/3OcGeo1-Photo-5-2-768x574.jpg 768w, https:\/\/gymnase-yverdon.ch\/developpementdurable\/wp-content\/uploads\/sites\/5\/2016\/01\/3OcGeo1-Photo-5-2.jpg 1296w\" sizes=\"auto, (max-width: 417px) 100vw, 417px\" \/><\/a><br \/>\n(De g. \u00e0 d.) Thomas Rytz, Ella-Mona Chevalley, Maxime Jaccard, Hugo Simon, Romane Claustre, Mathilde Marendaz, Sim\u00e9on Calame, Nadia Rytz, Roman Perceval, Laura Wenger, Madian Schouwey, Estelle Boudier, Nina Siva Vicente, Caroline Bise (absent Rom\u00e9o Boulanger); Christian Henchoz<\/p>\n<table>\n<tbody>\n<tr>\n<td width=\"63\"><strong>Groupe N\u00b0<\/strong><\/td>\n<td width=\"67\"><strong>Noms<\/strong><\/td>\n<td width=\"179\"><strong><a href=\"http:\/\/www.un.org\/sustainabledevelopment\/fr\/objectifs-de-developpement-durable\/\" target=\"_blank\" rel=\"noopener noreferrer\"><img loading=\"lazy\" decoding=\"async\" class=\"size-full wp-image-1634 aligncenter\" src=\"http:\/\/gymnase-yverdon.ch\/developpementdurable\/wp-content\/uploads\/sites\/5\/2016\/12\/Logo-Objectifs-du-Developpement-Durable-2-2.png\" alt=\"\" width=\"113\" height=\"113\" \/><\/a><br \/>\n<\/strong><\/td>\n<td width=\"430\"><strong>Description du projet<\/strong><\/td>\n<\/tr>\n<tr>\n<td width=\"63\">1<\/td>\n<td width=\"67\">Rom\u00e9o<\/td>\n<td width=\"179\">Tous (en fonction des actions pr\u00e9sent\u00e9es)<\/td>\n<td width=\"430\">D\u00e9veloppement d\u2019une page Facebook pour montrer des actions positives.<\/td>\n<\/tr>\n<tr>\n<td width=\"63\">2<\/td>\n<td width=\"67\">Hugo et Thomas<\/td>\n<td width=\"179\">6, 11, 12, 13, 14, 15<\/td>\n<td width=\"430\">Cr\u00e9ation d\u2019une publicit\u00e9 pour le cin\u00e9ma et la TV (actrices\u00a0: s\u0153urs Toyloy)\u00a0pour sensibiliser aux d\u00e9chets. <a href=\"https:\/\/www.gyyv.vd.ch\/developpementdurable\/page-d-exemple\/laboratoire-de-la-durabilite\/films-sur-le-developpement-durable\/publicite-espoir-dhugo-simon-et-thomas-rytz\/\">Plus d&rsquo;informations&#8230;<\/a><\/td>\n<\/tr>\n<tr>\n<td width=\"63\">3<\/td>\n<td width=\"67\">Nina et Sim\u00e9on<\/td>\n<td width=\"179\">2, 10, 12<\/td>\n<td width=\"430\">Sensibiliser des classes du secondaire I sur les d\u00e9chets alimentaires (7\/8\u00e8mes). <a href=\"https:\/\/www.gyyv.vd.ch\/developpementdurable\/2016\/05\/17\/gaspillage-alimentaire-moins-jeter-cest-possible-2\/\">Plus d&rsquo;informations&#8230;<\/a><\/td>\n<\/tr>\n<tr>\n<td width=\"63\">4<\/td>\n<td width=\"67\">Madian<\/td>\n<td width=\"179\">9, 12<\/td>\n<td width=\"430\">Project \u00e9ducatif visant \u00e0 sensibiliser des \u00e9l\u00e8ves du secondaire I aux d\u00e9chets \u00e9lectroniques (p.ex. t\u00e9l. portables). <a href=\"https:\/\/www.gyyv.vd.ch\/developpementdurable\/2016\/05\/22\/lutter-contre-le-gaspillage-electronique\/\">Plus d&rsquo;informations&#8230;<\/a><\/td>\n<\/tr>\n<tr>\n<td width=\"63\">5<\/td>\n<td width=\"67\">Romane<\/td>\n<td width=\"179\">Tous (en fonction des actions pr\u00e9sent\u00e9es)<\/td>\n<td width=\"430\">Cr\u00e9ation d\u2019un site internet pour pr\u00e9senter des actions concr\u00e8tes et plus respectueuses \u00e0 mener au quotidien. <a href=\"https:\/\/www.gyyv.vd.ch\/developpementdurable\/page-d-exemple\/laboratoire-de-la-durabilite\/des-solutions-concretes\/consommactrice\/\">Plus d&rsquo;informations&#8230;<\/a><\/td>\n<\/tr>\n<tr>\n<td width=\"63\">6<\/td>\n<td width=\"67\">Ella-Mona<\/td>\n<td width=\"179\">12<\/td>\n<td width=\"430\">Recyclage de d\u00e9chets pour en faire des projets artistiques (objets fonctionnels (bacs \u00e0 fleurs \u00e0 partir de canettes) et objets artistiques. Le but du projet est de sensibiliser aux rapports entre l\u2019Homme et la Nature. <a href=\"https:\/\/www.gyyv.vd.ch\/developpementdurable\/2016\/05\/07\/a-la-croisee-de-lart-et-de-lenvironnement\/\">Plus d&rsquo;informations&#8230;<\/a><\/td>\n<\/tr>\n<tr>\n<td width=\"63\">7<\/td>\n<td width=\"67\">Mathilde<\/td>\n<td width=\"179\">3, 4<\/td>\n<td width=\"430\">Projet \u00e9ducatif visant \u00e0 sensibiliser des enfants au niveau 1P\/2P \u00e0 l\u2019\u00e9coute de soi, des autres et de la plan\u00e8te (exercices d\u2019\u00e9coute de soi (yoga, m\u00e9ditation), journ\u00e9e pour que les enfants s\u2019expriment, s\u2019\u00e9coutent, activit\u00e9s en lien avec la terre, Land art, etc.). Cr\u00e9ation d&rsquo;un petit potager \u00e0 petites pousses comestibles sous forme de Land art. <a href=\"https:\/\/www.gyyv.vd.ch\/developpementdurable\/2016\/05\/09\/a-la-recherche-du-savoir-etre\/\">Plus d&rsquo;informations&#8230;<\/a><\/td>\n<\/tr>\n<tr>\n<td width=\"63\">8<\/td>\n<td width=\"67\">Roman<\/td>\n<td width=\"179\">12<\/td>\n<td width=\"430\">Cr\u00e9ation d\u2019instruments de musique \u00e0 partir de d\u00e9chets. <a href=\"https:\/\/www.gyyv.vd.ch\/developpementdurable\/page-d-exemple\/laboratoire-de-la-durabilite\/films-sur-le-developpement-durable\/fabrication-dun-ukulele\/\">Plus d&rsquo;informations&#8230;<\/a><\/td>\n<\/tr>\n<tr>\n<td width=\"63\">9<\/td>\n<td width=\"67\">Caroline<\/td>\n<td width=\"179\">4, 12<\/td>\n<td width=\"430\">Recyclage des objets dans le domaine vestimentaire et sensibilisation des enfants dans une \u00e9cole. <a href=\"https:\/\/www.gyyv.vd.ch\/developpementdurable\/2016\/05\/10\/agir-contre-le-gaspillage-textile\/\">Plus d&rsquo;informations&#8230;<\/a><\/td>\n<\/tr>\n<tr>\n<td width=\"63\">10<\/td>\n<td width=\"67\">Maxime<\/td>\n<td width=\"179\">3<\/td>\n<td width=\"430\">Pr\u00e9vention dans le but de lutter contre les m\u00e9gots de cigarette. <a href=\"https:\/\/www.gyyv.vd.ch\/developpementdurable\/2016\/05\/17\/une-action-contre-les-megots-de-cigarette\/\">Plus d&rsquo;informations&#8230;<\/a><\/td>\n<\/tr>\n<tr>\n<td width=\"63\">11<\/td>\n<td width=\"67\">Estelle et Oc\u00e9ane<\/td>\n<td width=\"179\">10, 16<\/td>\n<td width=\"430\">Mise en place d\u2019un projet d\u2019accueil de migrants dans un village du nord vaudois (avec Oc\u00e9ane de l\u2019OcGeo2). <a href=\"https:\/\/www.gyyv.vd.ch\/developpementdurable\/2016\/05\/14\/de-meilleures-conditions-de-vie-pour-les-refugies\/\">Plus d&rsquo;informations&#8230;<\/a><\/td>\n<\/tr>\n<tr>\n<td width=\"63\">12<\/td>\n<td width=\"67\">Laura<\/td>\n<td width=\"179\">Tous (en fonction des actions pr\u00e9sent\u00e9es)<\/td>\n<td width=\"430\">Cr\u00e9ation d\u2019une vid\u00e9o montrant \u00e0 la fois ce qui va mal dans notre soci\u00e9t\u00e9 et ce qui est mis en place pour l\u2019am\u00e9liorer.<\/td>\n<\/tr>\n<tr>\n<td width=\"63\">13<\/td>\n<td width=\"67\">Nadia<\/td>\n<td width=\"179\">Tous (en fonction des actions pr\u00e9sent\u00e9es)<\/td>\n<td width=\"430\">Cr\u00e9ation d\u2019affiches (ou peintures murales) pour sensibiliser \u00e0 une transition vers quelque chose de mieux. <a href=\"https:\/\/www.gyyv.vd.ch\/developpementdurable\/2016\/05\/22\/des-peintures-locales-pour-une-prise-de-conscience-globale\/\">Plus d&rsquo;informations&#8230;<\/a><\/td>\n<\/tr>\n<\/tbody>\n<\/table>\n<p><strong>3OcGeo2 (Classe de P. Gilliard, accompagn\u00e9 de Malika Trachsel, stagiaire HEP)<\/strong><\/p>\n<p><a href=\"https:\/\/www.gyyv.vd.ch\/developpementdurable\/wp-content\/uploads\/sites\/13\/2016\/01\/PHOTO-classe-3OcGeo2-petite-2-2.jpg\" rel=\"attachment wp-att-654\"><img loading=\"lazy\" decoding=\"async\" class=\"alignnone wp-image-654 aligncenter\" src=\"https:\/\/www.gyyv.vd.ch\/developpementdurable\/wp-content\/uploads\/sites\/13\/2016\/01\/PHOTO-classe-3OcGeo2-petite-2-300x180.jpg\" alt=\"PHOTO classe 3OcGeo2 (petite)\" width=\"468\" height=\"281\" srcset=\"https:\/\/gymnase-yverdon.ch\/developpementdurable\/wp-content\/uploads\/sites\/5\/2016\/01\/PHOTO-classe-3OcGeo2-petite-2-300x180.jpg 300w, https:\/\/gymnase-yverdon.ch\/developpementdurable\/wp-content\/uploads\/sites\/5\/2016\/01\/PHOTO-classe-3OcGeo2-petite-2.jpg 640w\" sizes=\"auto, (max-width: 468px) 100vw, 468px\" \/><\/a>(De g. \u00e0 d.) Jessica Rochat, M\u00e9lanie Thi\u00e9baud, Oc\u00e9ane Pittet, Layla Outemzabet, Oriane Masserey, Jeremy Jacot (derri\u00e8re), Mathias Br\u00fchlmann, Jonas Heizmann, Antoine Massart, Marion Lamy, Alexandra Meystre, Le\u00efla Nebri; Malika Trachsel et Patrick Gilliard.<\/p>\n<table width=\"100%\">\n<tbody>\n<tr>\n<td width=\"8%\"><strong>Groupe n\u00b0<\/strong><\/td>\n<td width=\"16%\"><strong>Noms<\/strong><\/td>\n<td width=\"25%\"><strong><a href=\"http:\/\/www.un.org\/sustainabledevelopment\/fr\/objectifs-de-developpement-durable\/\" target=\"_blank\" rel=\"noopener noreferrer\"><img loading=\"lazy\" decoding=\"async\" class=\"size-full wp-image-1634 aligncenter\" src=\"http:\/\/gymnase-yverdon.ch\/developpementdurable\/wp-content\/uploads\/sites\/5\/2016\/12\/Logo-Objectifs-du-Developpement-Durable-2-2.png\" alt=\"\" width=\"113\" height=\"113\" \/><\/a><br \/>\n<\/strong><\/td>\n<td width=\"48%\"><strong>Description du projet<\/strong><\/td>\n<\/tr>\n<tr>\n<td width=\"8%\"><strong>1<\/strong><\/td>\n<td width=\"16%\">Jonas et J\u00e9r\u00e9my<\/td>\n<td width=\"25%\">2, 3, 8, 12<\/td>\n<td width=\"48%\">Vente(s) de p\u00e2tisseries pr\u00e9par\u00e9es \u00e0 base de produits\/ingr\u00e9dients locaux. Les fonds r\u00e9colt\u00e9s seront revers\u00e9s \u00e0 une organisation environnementale. <a href=\"https:\/\/www.gyyv.vd.ch\/developpementdurable\/2016\/05\/22\/du-bio-local-pour-lutter-contre-la-perte-de-biodiversite\/\">Plus d&rsquo;informations&#8230;<\/a><\/td>\n<\/tr>\n<tr>\n<td width=\"8%\"><strong>2<\/strong><\/td>\n<td width=\"16%\">Mathias et Oriane<\/p>\n<p>&nbsp;<\/td>\n<td width=\"25%\">Tous (en fonction des actions pr\u00e9sent\u00e9es)<\/td>\n<td width=\"48%\">Cr\u00e9ation de bandes dessin\u00e9es pour aborder des sujets actuels qui ont des impacts environnementaux et sociaux.<\/p>\n<p>Par la suite, diffusion des BD par le biais des r\u00e9seaux sociaux et, \u00e9ventuellement, un affichage au sein du gymnase. <a href=\"https:\/\/www.gyyv.vd.ch\/developpementdurable\/page-d-exemple\/laboratoire-de-la-durabilite\/des-solutions-concretes\/bd-agis-pour-ta-planete\/\">Plus d&rsquo;informations&#8230;<\/a><\/td>\n<\/tr>\n<tr>\n<td width=\"8%\"><strong>3<\/strong><\/td>\n<td width=\"16%\">Layla et Antoine<\/td>\n<td width=\"25%\">13, 15<\/td>\n<td width=\"48%\">Projet de plantation d\u2019une haie en bordure d\u2019un champ appartenant \u00e0 un agriculteur biologique de Baulmes. Plantation r\u00e9alis\u00e9e avec un groupe d\u2019enfants et\/ou de gymnasiens. <a href=\"https:\/\/www.gyyv.vd.ch\/developpementdurable\/2016\/05\/10\/une-haie-pour-la-biodiversite\/\">Plus d&rsquo;informations&#8230;<\/a><\/td>\n<\/tr>\n<tr>\n<td width=\"8%\"><strong>4<\/strong><\/td>\n<td width=\"16%\">Le\u00efla et Alexandra<\/p>\n<p>&nbsp;<\/td>\n<td width=\"25%\">4, 13<\/td>\n<td width=\"48%\">Projet de sensibilisation au ramassage des d\u00e9chets dans des classes de 9<sup>\u00e8me<\/sup> ann\u00e9e. Discussion de cette probl\u00e9matique avec les \u00e9l\u00e8ves puis phase de ramassage des d\u00e9chets sur la plage d\u2019Yverdon. <a href=\"https:\/\/www.gyyv.vd.ch\/developpementdurable\/2016\/05\/08\/tri-des-dechets-au-secondaire-i\/\">Plus d&rsquo;informations&#8230;<\/a><\/td>\n<\/tr>\n<tr>\n<td width=\"8%\"><strong>5<\/strong><\/td>\n<td width=\"16%\">M\u00e9lanie<\/td>\n<td width=\"25%\">4, 13<\/td>\n<td width=\"48%\">Sensibilisation de jeunes enfants, par le biais d\u2019ateliers\/de petits jeux, sur l\u2019importance du tri des d\u00e9chets\u00a0: favoriser leur participation concernant le tri au sein de leur famille respective. <a href=\"https:\/\/www.gyyv.vd.ch\/developpementdurable\/2016\/05\/08\/tri-des-dechets-au-secondaire-i\/\">Plus d&rsquo;informations&#8230;<\/a><\/td>\n<\/tr>\n<tr>\n<td width=\"8%\"><strong>6<\/strong><\/td>\n<td width=\"16%\">Marion et Jessica<\/td>\n<td width=\"25%\">3, 12<\/td>\n<td width=\"48%\">Vente de pommes au gymnase d\u2019Yverdon pour sensibiliser la population \u00e0 manger \u00ab\u00a0local\u00a0\u00bb. Accord pass\u00e9 avec un agriculteur de la r\u00e9gion. <a href=\"https:\/\/www.gyyv.vd.ch\/developpementdurable\/2016\/05\/03\/des-pommes-locales-cest-possible\/\">Plus d&rsquo;informations&#8230;<\/a><\/td>\n<\/tr>\n<tr>\n<td width=\"8%\"><strong>7<\/strong><\/td>\n<td width=\"16%\">Oc\u00e9ane et Estelle<\/td>\n<td width=\"25%\">10, 16<\/td>\n<td width=\"48%\">Mise en place d\u2019un projet d\u2019accueil de migrants dans un village du nord vaudois <em>(avec Estelle de <\/em>l\u2019OcGeo1). <a href=\"https:\/\/www.gyyv.vd.ch\/developpementdurable\/2016\/05\/14\/de-meilleures-conditions-de-vie-pour-les-refugies\/\">Plus d&rsquo;informations&#8230;<\/a><\/td>\n<\/tr>\n<\/tbody>\n<\/table>\n<p>L&rsquo;ensemble des projets ont \u00e9t\u00e9 pr\u00e9sent\u00e9s lors de la <a href=\"https:\/\/www.gyyv.vd.ch\/journeedelaterre\/?page_id=659\">2e Journ\u00e9e de la Terre nourrici\u00e8re<\/a> au Gymnase d&rsquo;Yverdon.<\/p>\n","protected":false},"excerpt":{"rendered":"<p>Voici les projets men\u00e9s par les \u00e9tudiant-e-s des deux classes d&rsquo;OC de g\u00e9ographie 2015-16 dont l&rsquo;intitul\u00e9 \u00e9tait \u00ab\u00a0Et vous ? Qu&rsquo;avez-vous de pr\u00e9vu apr\u00e8s la disparition de notre civilisation ?\u00a0\u00bb 3OcGeo1 (Classe de C. Henchoz) (De g. \u00e0 d.) Thomas Rytz, Ella-Mona Chevalley, Maxime Jaccard, Hugo Simon, Romane Claustre, Mathilde &#8230;<\/p>\n<p> <a class=\"continue-reading-link\" href=\"https:\/\/gymnase-yverdon.ch\/developpementdurable\/page-d-exemple-2\/etudes-et-recherche\/geographie\/oc-2015-16\/les-projets-des-etudiants\/\"><span>Continue reading<\/span><i class=\"crycon-right-dir\"><\/i><\/a> <\/p>\n","protected":false},"author":13,"featured_media":0,"parent":73,"menu_order":0,"comment_status":"closed","ping_status":"closed","template":"","meta":{"inline_featured_image":false,"footnotes":""},"class_list":["post-409","page","type-page","status-publish","hentry"],"_links":{"self":[{"href":"https:\/\/gymnase-yverdon.ch\/developpementdurable\/wp-json\/wp\/v2\/pages\/409","targetHints":{"allow":["GET"]}}],"collection":[{"href":"https:\/\/gymnase-yverdon.ch\/developpementdurable\/wp-json\/wp\/v2\/pages"}],"about":[{"href":"https:\/\/gymnase-yverdon.ch\/developpementdurable\/wp-json\/wp\/v2\/types\/page"}],"author":[{"embeddable":true,"href":"https:\/\/gymnase-yverdon.ch\/developpementdurable\/wp-json\/wp\/v2\/users\/13"}],"replies":[{"embeddable":true,"href":"https:\/\/gymnase-yverdon.ch\/developpementdurable\/wp-json\/wp\/v2\/comments?post=409"}],"version-history":[{"count":0,"href":"https:\/\/gymnase-yverdon.ch\/developpementdurable\/wp-json\/wp\/v2\/pages\/409\/revisions"}],"up":[{"embeddable":true,"href":"https:\/\/gymnase-yverdon.ch\/developpementdurable\/wp-json\/wp\/v2\/pages\/73"}],"wp:attachment":[{"href":"https:\/\/gymnase-yverdon.ch\/developpementdurable\/wp-json\/wp\/v2\/media?parent=409"}],"curies":[{"name":"wp","href":"https:\/\/api.w.org\/{rel}","templated":true}]}}