{"id":2770,"date":"2019-07-13T18:15:39","date_gmt":"2019-07-13T17:15:39","guid":{"rendered":"https:\/\/www.gyyv.vd.ch\/developpementdurable\/?page_id=2770"},"modified":"2019-07-13T18:15:39","modified_gmt":"2019-07-13T17:15:39","slug":"voyage-de-classe-bus-train-ou-avion","status":"publish","type":"page","link":"https:\/\/gymnase-yverdon.ch\/developpementdurable\/page-d-exemple-2\/les-engagements-durables-du-gymnase-dyverdon\/voyage-detudes-durable\/voyage-de-classe-bus-train-ou-avion\/","title":{"rendered":"Voyage de classe : bus, train ou avion ?"},"content":{"rendered":"<p>Dans son \u00e9dition d&rsquo;octobre 2015, le magazine\u00a0<em>Bon \u00e0 Savoir<\/em> a publi\u00e9 <a href=\"https:\/\/www.bonasavoir.ch\/922226-test-voyager-en-autocar-moins-rapide-mais-pas-cher\" target=\"_blank\" rel=\"noopener noreferrer\">un comparatif portant sur les avantages et d\u00e9savantages d&rsquo;un voyage en bus, train ou avion<\/a>. En voici la synth\u00e8se qui est <a href=\"https:\/\/www.bonasavoir.ch\/922226-test-voyager-en-autocar-moins-rapide-mais-pas-cher\" target=\"_blank\" rel=\"noopener noreferrer\">disponible sur leur site<\/a> :<\/p>\n<p><a href=\"http:\/\/gymnase-yverdon.ch\/developpementdurable\/wp-content\/uploads\/sites\/5\/2019\/07\/Prix-et-duree-dun-voyage-international-Bus-train-ou-avion-Bon-a-Savoir-Octobre-2015-2-2.jpg\"><img loading=\"lazy\" decoding=\"async\" class=\"aligncenter size-full wp-image-2767\" src=\"http:\/\/gymnase-yverdon.ch\/developpementdurable\/wp-content\/uploads\/sites\/5\/2019\/07\/Prix-et-duree-dun-voyage-international-Bus-train-ou-avion-Bon-a-Savoir-Octobre-2015-2-2.jpg\" alt=\"\" width=\"745\" height=\"570\" \/><\/a><\/p>\n<p>Vous pouvez aussi calculer l\u2019impact de vos trajets sur le climat gr\u00e2ce au site <a href=\"https:\/\/www.energie-environnement.ch\/maison\/transports-et-mobilite\/mobile-impact\" target=\"_blank\" rel=\"noopener noreferrer\">www.energie-environnement.ch<\/a> et \u00e0 la <a href=\"https:\/\/www.routerank.com\/fr\/\" target=\"_blank\" rel=\"noopener noreferrer\">plateforme Routerank<\/a> d\u00e9velopp\u00e9e \u00e0 l&rsquo;EPFL :<\/p>\n<p><a href=\"https:\/\/www.energie-environnement.ch\/maison\/transports-et-mobilite\/mobile-impact\" target=\"_blank\" rel=\"noopener noreferrer\"><img loading=\"lazy\" decoding=\"async\" class=\"aligncenter wp-image-2774 size-large\" src=\"http:\/\/gymnase-yverdon.ch\/developpementdurable\/wp-content\/uploads\/sites\/5\/2019\/07\/Capture-decran-2019-07-21-a-21.28.04-1-1024x749.png\" alt=\"\" width=\"900\" height=\"658\" srcset=\"https:\/\/gymnase-yverdon.ch\/developpementdurable\/wp-content\/uploads\/sites\/5\/2019\/07\/Capture-decran-2019-07-21-a-21.28.04-1-1024x749.png 1024w, https:\/\/gymnase-yverdon.ch\/developpementdurable\/wp-content\/uploads\/sites\/5\/2019\/07\/Capture-decran-2019-07-21-a-21.28.04-1-300x219.png 300w, https:\/\/gymnase-yverdon.ch\/developpementdurable\/wp-content\/uploads\/sites\/5\/2019\/07\/Capture-decran-2019-07-21-a-21.28.04-1-768x562.png 768w, https:\/\/gymnase-yverdon.ch\/developpementdurable\/wp-content\/uploads\/sites\/5\/2019\/07\/Capture-decran-2019-07-21-a-21.28.04-1-1536x1124.png 1536w, https:\/\/gymnase-yverdon.ch\/developpementdurable\/wp-content\/uploads\/sites\/5\/2019\/07\/Capture-decran-2019-07-21-a-21.28.04-1.png 1684w\" sizes=\"auto, (max-width: 900px) 100vw, 900px\" \/><\/a> <a href=\"https:\/\/www.routerank.com\/fr\/\" target=\"_blank\" rel=\"noopener noreferrer\"><img loading=\"lazy\" decoding=\"async\" class=\"aligncenter wp-image-2775 size-large\" src=\"https:\/\/www.gyyv.vd.ch\/developpementdurable\/wp-content\/uploads\/sites\/13\/2019\/07\/Capture-de\u0301cran-2019-07-21-a\u0300-21.32.15-1-1024x402.jpg\" alt=\"\" width=\"900\" height=\"353\" \/><\/a><\/p>\n","protected":false},"excerpt":{"rendered":"<p>Dans son \u00e9dition d&rsquo;octobre 2015, le magazine\u00a0Bon \u00e0 Savoir a publi\u00e9 un comparatif portant sur les avantages et d\u00e9savantages d&rsquo;un voyage en bus, train ou avion. En voici la synth\u00e8se qui est disponible sur leur site : Vous pouvez aussi calculer l\u2019impact de vos trajets sur le climat gr\u00e2ce au &#8230;<\/p>\n<p> <a class=\"continue-reading-link\" href=\"https:\/\/gymnase-yverdon.ch\/developpementdurable\/page-d-exemple-2\/les-engagements-durables-du-gymnase-dyverdon\/voyage-detudes-durable\/voyage-de-classe-bus-train-ou-avion\/\"><span>Continue reading<\/span><i class=\"crycon-right-dir\"><\/i><\/a> <\/p>\n","protected":false},"author":13,"featured_media":0,"parent":1604,"menu_order":0,"comment_status":"closed","ping_status":"closed","template":"","meta":{"inline_featured_image":false,"footnotes":""},"class_list":["post-2770","page","type-page","status-publish","hentry"],"_links":{"self":[{"href":"https:\/\/gymnase-yverdon.ch\/developpementdurable\/wp-json\/wp\/v2\/pages\/2770","targetHints":{"allow":["GET"]}}],"collection":[{"href":"https:\/\/gymnase-yverdon.ch\/developpementdurable\/wp-json\/wp\/v2\/pages"}],"about":[{"href":"https:\/\/gymnase-yverdon.ch\/developpementdurable\/wp-json\/wp\/v2\/types\/page"}],"author":[{"embeddable":true,"href":"https:\/\/gymnase-yverdon.ch\/developpementdurable\/wp-json\/wp\/v2\/users\/13"}],"replies":[{"embeddable":true,"href":"https:\/\/gymnase-yverdon.ch\/developpementdurable\/wp-json\/wp\/v2\/comments?post=2770"}],"version-history":[{"count":0,"href":"https:\/\/gymnase-yverdon.ch\/developpementdurable\/wp-json\/wp\/v2\/pages\/2770\/revisions"}],"up":[{"embeddable":true,"href":"https:\/\/gymnase-yverdon.ch\/developpementdurable\/wp-json\/wp\/v2\/pages\/1604"}],"wp:attachment":[{"href":"https:\/\/gymnase-yverdon.ch\/developpementdurable\/wp-json\/wp\/v2\/media?parent=2770"}],"curies":[{"name":"wp","href":"https:\/\/api.w.org\/{rel}","templated":true}]}}

<p>Dans son édition d&rsquo;octobre 2015, le magazine <em>Bon à Savoir</em> a publié <a href="https://www.bonasavoir.ch/922226-test-voyager-en-autocar-moins-rapide-mais-pas-cher" target="_blank" rel="noopener noreferrer">un comparatif portant sur les avantages et désavantages d&rsquo;un voyage en bus, train ou avion</a>. En voici la synthèse qui est <a href="https://www.bonasavoir.ch/922226-test-voyager-en-autocar-moins-rapide-mais-pas-cher" target="_blank" rel="noopener noreferrer">disponible sur leur site</a> :</p>
<p><a href="http://gymnase-yverdon.ch/developpementdurable/wp-content/uploads/sites/5/2019/07/Prix-et-duree-dun-voyage-international-Bus-train-ou-avion-Bon-a-Savoir-Octobre-2015-2-2.jpg"><img loading="lazy" decoding="async" class="aligncenter size-full wp-image-2767" src="http://gymnase-yverdon.ch/developpementdurable/wp-content/uploads/sites/5/2019/07/Prix-et-duree-dun-voyage-international-Bus-train-ou-avion-Bon-a-Savoir-Octobre-2015-2-2.jpg" alt="" width="745" height="570" /></a></p>
<p>Vous pouvez aussi calculer l’impact de vos trajets sur le climat grâce au site <a href="https://www.energie-environnement.ch/maison/transports-et-mobilite/mobile-impact" target="_blank" rel="noopener noreferrer">www.energie-environnement.ch</a> et à la <a href="https://www.routerank.com/fr/" target="_blank" rel="noopener noreferrer">plateforme Routerank</a> développée à l&rsquo;EPFL :</p>
<p><a href="https://www.energie-environnement.ch/maison/transports-et-mobilite/mobile-impact" target="_blank" rel="noopener noreferrer"><img loading="lazy" decoding="async" class="aligncenter wp-image-2774 size-large" src="http://gymnase-yverdon.ch/developpementdurable/wp-content/uploads/sites/5/2019/07/Capture-decran-2019-07-21-a-21.28.04-1-1024x749.png" alt="" width="900" height="658" srcset="https://gymnase-yverdon.ch/developpementdurable/wp-content/uploads/sites/5/2019/07/Capture-decran-2019-07-21-a-21.28.04-1-1024x749.png 1024w, https://gymnase-yverdon.ch/developpementdurable/wp-content/uploads/sites/5/2019/07/Capture-decran-2019-07-21-a-21.28.04-1-300x219.png 300w, https://gymnase-yverdon.ch/developpementdurable/wp-content/uploads/sites/5/2019/07/Capture-decran-2019-07-21-a-21.28.04-1-768x562.png 768w, https://gymnase-yverdon.ch/developpementdurable/wp-content/uploads/sites/5/2019/07/Capture-decran-2019-07-21-a-21.28.04-1-1536x1124.png 1536w, https://gymnase-yverdon.ch/developpementdurable/wp-content/uploads/sites/5/2019/07/Capture-decran-2019-07-21-a-21.28.04-1.png 1684w" sizes="auto, (max-width: 900px) 100vw, 900px" /></a> <a href="https://www.routerank.com/fr/" target="_blank" rel="noopener noreferrer"><img loading="lazy" decoding="async" class="aligncenter wp-image-2775 size-large" src="https://www.gyyv.vd.ch/developpementdurable/wp-content/uploads/sites/13/2019/07/Capture-décran-2019-07-21-à-21.32.15-1-1024x402.jpg" alt="" width="900" height="353" /></a></p>

<p>Dans son édition d&rsquo;octobre 2015, le magazine Bon à Savoir a publié un comparatif portant sur les avantages et désavantages d&rsquo;un voyage en bus, train ou avion. En voici la synthèse qui est disponible sur leur site : Vous pouvez aussi calculer l’impact de vos trajets sur le climat grâce au &#8230;</p>
<p> <a class="continue-reading-link" href="https://gymnase-yverdon.ch/developpementdurable/page-d-exemple-2/les-engagements-durables-du-gymnase-dyverdon/voyage-detudes-durable/voyage-de-classe-bus-train-ou-avion/"><span>Continue reading</span><i class="crycon-right-dir"></i></a> </p>
