{"id":1060,"date":"2016-04-23T14:28:41","date_gmt":"2016-04-23T13:28:41","guid":{"rendered":"https:\/\/www.gyyv.vd.ch\/developpementdurable\/?page_id=1060"},"modified":"2016-04-23T14:28:41","modified_gmt":"2016-04-23T13:28:41","slug":"de-la-terre-au-pain","status":"publish","type":"page","link":"https:\/\/gymnase-yverdon.ch\/developpementdurable\/page-d-exemple-2\/laboratoire-de-la-durabilite\/films-sur-le-developpement-durable\/de-la-terre-au-pain\/","title":{"rendered":"De la Terre au pain"},"content":{"rendered":"<p><strong>Film de Jonathan Saber \u00ab De la Terre au pain \u00bb<\/strong><\/p>\n<p>Depuis 2014 et sous l\u2019impulsion de M. Fr\u00e9d\u00e9ric Moinat, ma\u00eetre de philosophie et de fran\u00e7ais, et M\u00e9lanie Perret, ma\u00eetresse d&rsquo;allemand, un partenariat a \u00e9t\u00e9 cr\u00e9\u00e9 avec la <a href=\"http:\/\/ferme-des-terres-rouges.ch\/wakka.php?wiki=PagePrincipale\" target=\"_blank\" rel=\"noopener noreferrer\">Ferme des Terres Rouges<\/a> qui se trouve \u00e0 Pomy. Ainsi, deux fois par semaines, Caroline Richardet et Fabien Thubert livrent leur pain bio \u00e0 une trentaine d\u2019enseignants du Gymnase d\u2019Yverdon. Leur production est biologique et enti\u00e8rement locale fabriqu\u00e9e \u00e0 partir de vari\u00e9t\u00e9s de c\u00e9r\u00e9ales anciennes.<\/p>\n<p>R\u00e9alis\u00e9 dans le cadre de la 1\u00e8re Journ\u00e9e de la Terre nourrici\u00e8re au Gymnase d&rsquo;Yverdon en 2015, le film <em>De la Terre au pain<\/em> de <a href=\"http:\/\/youtu.be\/Tgv4hyGk3uE\" target=\"_blank\" rel=\"noopener noreferrer\">Jonathan Saber<\/a>, \u00e9tudiant au Gymnase d&rsquo;Yverdon, dresse le portrait de la <a href=\"http:\/\/ferme-des-terres-rouges.ch\/wakka.php?wiki=PagePrincipale\" target=\"_blank\" rel=\"noopener noreferrer\">Ferme des Terres Rouges<\/a> qui pratique l&rsquo;agriculture biologique depuis 2001.<\/p>\n<p><iframe loading=\"lazy\" title=\"De la terre au pain\" width=\"900\" height=\"506\" src=\"https:\/\/www.youtube.com\/embed\/Tgv4hyGk3uE?feature=oembed\" frameborder=\"0\" allow=\"accelerometer; autoplay; clipboard-write; encrypted-media; gyroscope; picture-in-picture\" allowfullscreen><\/iframe><\/p>\n","protected":false},"excerpt":{"rendered":"<p>Film de Jonathan Saber \u00ab De la Terre au pain \u00bb Depuis 2014 et sous l\u2019impulsion de M. Fr\u00e9d\u00e9ric Moinat, ma\u00eetre de philosophie et de fran\u00e7ais, et M\u00e9lanie Perret, ma\u00eetresse d&rsquo;allemand, un partenariat a \u00e9t\u00e9 cr\u00e9\u00e9 avec la Ferme des Terres Rouges qui se trouve \u00e0 Pomy. Ainsi, deux fois &#8230;<\/p>\n<p> <a class=\"continue-reading-link\" href=\"https:\/\/gymnase-yverdon.ch\/developpementdurable\/page-d-exemple-2\/laboratoire-de-la-durabilite\/films-sur-le-developpement-durable\/de-la-terre-au-pain\/\"><span>Continue reading<\/span><i class=\"crycon-right-dir\"><\/i><\/a> <\/p>\n","protected":false},"author":13,"featured_media":0,"parent":57,"menu_order":0,"comment_status":"closed","ping_status":"closed","template":"","meta":{"inline_featured_image":false,"footnotes":""},"class_list":["post-1060","page","type-page","status-publish","hentry"],"_links":{"self":[{"href":"https:\/\/gymnase-yverdon.ch\/developpementdurable\/wp-json\/wp\/v2\/pages\/1060","targetHints":{"allow":["GET"]}}],"collection":[{"href":"https:\/\/gymnase-yverdon.ch\/developpementdurable\/wp-json\/wp\/v2\/pages"}],"about":[{"href":"https:\/\/gymnase-yverdon.ch\/developpementdurable\/wp-json\/wp\/v2\/types\/page"}],"author":[{"embeddable":true,"href":"https:\/\/gymnase-yverdon.ch\/developpementdurable\/wp-json\/wp\/v2\/users\/13"}],"replies":[{"embeddable":true,"href":"https:\/\/gymnase-yverdon.ch\/developpementdurable\/wp-json\/wp\/v2\/comments?post=1060"}],"version-history":[{"count":0,"href":"https:\/\/gymnase-yverdon.ch\/developpementdurable\/wp-json\/wp\/v2\/pages\/1060\/revisions"}],"up":[{"embeddable":true,"href":"https:\/\/gymnase-yverdon.ch\/developpementdurable\/wp-json\/wp\/v2\/pages\/57"}],"wp:attachment":[{"href":"https:\/\/gymnase-yverdon.ch\/developpementdurable\/wp-json\/wp\/v2\/media?parent=1060"}],"curies":[{"name":"wp","href":"https:\/\/api.w.org\/{rel}","templated":true}]}}